{"id":35,"date":"2019-01-03T09:35:16","date_gmt":"2019-01-03T09:35:16","guid":{"rendered":"https:\/\/luerken-slomka.de\/?page_id=35"},"modified":"2019-01-03T09:35:16","modified_gmt":"2019-01-03T09:35:16","slug":"unser-team","status":"publish","type":"page","link":"https:\/\/www.luerken-slomka.de\/?page_id=35","title":{"rendered":"Unser Team"},"content":{"rendered":"\n<p>Unsere Unternehmen wurde am 01.09.2001 gegr\u00fcndet und im November 2008 zur Gesellschaftsform GmbH umgewandelt. Zur Zeit besch\u00e4ftigen wir mehr als zehn Mitarbeiter.<\/p>\n\n\n\n<p>Wir sind ein Ausbildungsbetrieb.\n\n<\/p>\n\n\n\n<p> Wir sind ein junges, flexibles und innovatives Team. Unser Spektrum umfasst s\u00e4mtliche Dach- und Fassaden-<br>arbeiten in traditioneller und zeitgem\u00e4\u00dfer Ausf\u00fchrung. Damit uns das gelingt, halten wir uns und unsere<br>Mitarbeiter durch Weiterbildung und Lehrg\u00e4nge immer auf dem neuesten Stand der Technik.<\/p>\n\n\n\n<p>Unser Service beginnt mit einem ausf\u00fchrlichen Beratungstermin vor Ort und geht \u00fcber in eine zuverl\u00e4ssige und<br>saubere Ausf\u00fchrung der Arbeiten.<\/p>\n\n\n\n<p>Unser Motto lautet: <strong>&#8222;Wir sind erst zufrieden, wenn Sie zufrieden sind.&#8220;<\/strong><\/p>\n\n\n\n<p>Desweiteren bieten wir den berufst\u00e4tigen Kunden unseren Service nach 17 Uhr, sowie samstags an.<br><br><\/p>\n","protected":false},"excerpt":{"rendered":"<p>Unsere Unternehmen wurde am 01.09.2001 gegr\u00fcndet und im November 2008 zur Gesellschaftsform GmbH umgewandelt. Zur Zeit besch\u00e4ftigen wir mehr als zehn Mitarbeiter. [&hellip;]<\/p>\n","protected":false},"author":1,"featured_media":0,"parent":0,"menu_order":0,"comment_status":"closed","ping_status":"closed","template":"","meta":{"ngg_post_thumbnail":0,"jetpack_post_was_ever_published":false,"footnotes":""},"class_list":["post-35","page","type-page","status-publish","hentry"],"jetpack_sharing_enabled":true,"jetpack_shortlink":"https:\/\/wp.me\/PaAkeO-z","jetpack-related-posts":[],"_links":{"self":[{"href":"https:\/\/www.luerken-slomka.de\/index.php?rest_route=\/wp\/v2\/pages\/35","targetHints":{"allow":["GET"]}}],"collection":[{"href":"https:\/\/www.luerken-slomka.de\/index.php?rest_route=\/wp\/v2\/pages"}],"about":[{"href":"https:\/\/www.luerken-slomka.de\/index.php?rest_route=\/wp\/v2\/types\/page"}],"author":[{"embeddable":true,"href":"https:\/\/www.luerken-slomka.de\/index.php?rest_route=\/wp\/v2\/users\/1"}],"replies":[{"embeddable":true,"href":"https:\/\/www.luerken-slomka.de\/index.php?rest_route=%2Fwp%2Fv2%2Fcomments&post=35"}],"version-history":[{"count":1,"href":"https:\/\/www.luerken-slomka.de\/index.php?rest_route=\/wp\/v2\/pages\/35\/revisions"}],"predecessor-version":[{"id":36,"href":"https:\/\/www.luerken-slomka.de\/index.php?rest_route=\/wp\/v2\/pages\/35\/revisions\/36"}],"wp:attachment":[{"href":"https:\/\/www.luerken-slomka.de\/index.php?rest_route=%2Fwp%2Fv2%2Fmedia&parent=35"}],"curies":[{"name":"wp","href":"https:\/\/api.w.org\/{rel}","templated":true}]}}