{"id":27,"date":"2019-01-03T09:25:15","date_gmt":"2019-01-03T09:25:15","guid":{"rendered":"https:\/\/luerken-slomka.de\/?page_id=27"},"modified":"2019-01-17T15:05:51","modified_gmt":"2019-01-17T15:05:51","slug":"steildaecher","status":"publish","type":"page","link":"https:\/\/www.luerken-slomka.de\/?page_id=27","title":{"rendered":"Steild\u00e4cher"},"content":{"rendered":"\r\n<p>Der wohl gr\u00f6\u00dfte Vorteil des Steildaches besteht in der M\u00f6glichkeit, die Bruttogeschossfl\u00e4che durch einen Dachgeschoss-Ausbau zu vergr\u00f6\u00dfern. Das geneigte Steildach bringt hier die erforderliche Flexibilit\u00e4t mit.<\/p>\r\n\r\n\r\n\r\n<p>Dar\u00fcber hinaus kommt ein Steildach den Bauherrn mittel- und langfristig auch noch g\u00fcnstiger als ein Flachdach, wie eine Studie der TU Wien ermitteln konnte. \u201eDas Steildach erzielt bei einer Lebenszyklus-Evaluierung sowohl in \u00f6konomischer als auch in \u00f6kologischer Hinsicht \u00e4hnliche beziehungsweise sogar bessere Werte\u201c, fasste die Uni das Ergebnis ihrer Untersuchung zusammen.<\/p>\r\n\r\n\r\n\r\nngg_shortcode_0_placeholder\r\n","protected":false},"excerpt":{"rendered":"<p>Der wohl gr\u00f6\u00dfte Vorteil des Steildaches besteht in der M\u00f6glichkeit, die Bruttogeschossfl\u00e4che durch einen Dachgeschoss-Ausbau zu vergr\u00f6\u00dfern. Das geneigte Steildach bringt hier [&hellip;]<\/p>\n","protected":false},"author":1,"featured_media":0,"parent":25,"menu_order":10,"comment_status":"closed","ping_status":"closed","template":"page-templates\/page_fullwidth.php","meta":{"ngg_post_thumbnail":0,"jetpack_post_was_ever_published":false,"footnotes":""},"class_list":["post-27","page","type-page","status-publish","hentry"],"jetpack_sharing_enabled":false,"jetpack_shortlink":"https:\/\/wp.me\/PaAkeO-r","jetpack-related-posts":[],"_links":{"self":[{"href":"https:\/\/www.luerken-slomka.de\/index.php?rest_route=\/wp\/v2\/pages\/27","targetHints":{"allow":["GET"]}}],"collection":[{"href":"https:\/\/www.luerken-slomka.de\/index.php?rest_route=\/wp\/v2\/pages"}],"about":[{"href":"https:\/\/www.luerken-slomka.de\/index.php?rest_route=\/wp\/v2\/types\/page"}],"author":[{"embeddable":true,"href":"https:\/\/www.luerken-slomka.de\/index.php?rest_route=\/wp\/v2\/users\/1"}],"replies":[{"embeddable":true,"href":"https:\/\/www.luerken-slomka.de\/index.php?rest_route=%2Fwp%2Fv2%2Fcomments&post=27"}],"version-history":[{"count":7,"href":"https:\/\/www.luerken-slomka.de\/index.php?rest_route=\/wp\/v2\/pages\/27\/revisions"}],"predecessor-version":[{"id":133,"href":"https:\/\/www.luerken-slomka.de\/index.php?rest_route=\/wp\/v2\/pages\/27\/revisions\/133"}],"up":[{"embeddable":true,"href":"https:\/\/www.luerken-slomka.de\/index.php?rest_route=\/wp\/v2\/pages\/25"}],"wp:attachment":[{"href":"https:\/\/www.luerken-slomka.de\/index.php?rest_route=%2Fwp%2Fv2%2Fmedia&parent=27"}],"curies":[{"name":"wp","href":"https:\/\/api.w.org\/{rel}","templated":true}]}}

Steildächer

<p>Der wohl größte Vorteil des Steildaches besteht in der Möglichkeit, die Bruttogeschossfläche durch einen Dachgeschoss-Ausbau zu vergrößern. Das geneigte Steildach bringt hier die erforderliche Flexibilität mit.</p>



<p>Darüber hinaus kommt ein Steildach den Bauherrn mittel- und langfristig auch noch günstiger als ein Flachdach, wie eine Studie der TU Wien ermitteln konnte. „Das Steildach erzielt bei einer Lebenszyklus-Evaluierung sowohl in ökonomischer als auch in ökologischer Hinsicht ähnliche beziehungsweise sogar bessere Werte“, fasste die Uni das Ergebnis ihrer Untersuchung zusammen.</p>



ngg_shortcode_0_placeholder

<p>Der wohl größte Vorteil des Steildaches besteht in der Möglichkeit, die Bruttogeschossfläche durch einen Dachgeschoss-Ausbau zu vergrößern. Das geneigte Steildach bringt hier [&hellip;]</p>
