{"id":2,"date":"2019-01-02T12:15:44","date_gmt":"2019-01-02T12:15:44","guid":{"rendered":"https:\/\/luerken-slomka.de\/?page_id=2"},"modified":"2019-02-06T11:35:56","modified_gmt":"2019-02-06T11:35:56","slug":"sample-page","status":"publish","type":"page","link":"https:\/\/www.luerken-slomka.de\/","title":{"rendered":"Herzlich Willkommen"},"content":{"rendered":"\r\n<p>Die L\u00fcrken Slomka Bedachungen GmbH bietet professionelle und individuelle Unterst\u00fctzung bei allen Dingen rund um Ihr Dach. Wir errichten, erweitern und reparieren alle Arten von D\u00e4chern &#8211; egal ob gewerblich oder privat genutzt.&nbsp;<\/p>\r\n<p>Bei der Gestaltung eines Daches gibt es vielf\u00e4ltige Gestaltungsm\u00f6glichkeiten. Neben der reinen Funktionalit\u00e4t eines Dachs, gilt es auch noch auf die Einhaltung der Energieeinsparverordnung (EnEV) zu achten.&nbsp;Unser Aufgabengebiet umfasst den gesamten Bereich der Dach-, Wand- und Abdichtungstechnik. Zu seinem T\u00e4tigkeitsfeld geh\u00f6ren u.a. auch der Einbau von Dachfenstern oder Gauben.<\/p>\r\n<p>Ein kleiner Auszug unserer Leistungen:<\/p>\r\n<ul>\r\n<li>Ein- und Abdecken von Haus\/Industrie D\u00e4chern und&nbsp;Wandfl\u00e4chen<\/li>\r\n<li>Abdichten von Dachfl\u00e4chen, Wand- und Bodenfl\u00e4chen<\/li>\r\n<li>Bekleiden von Au\u00dfenw\u00e4nden bzw. Fassaden<\/li>\r\n<li>Aufbau von begr\u00fcnten D\u00e4chern<\/li>\r\n<li>W\u00e4rmed\u00e4mmung&nbsp;an Dach und Au\u00dfenwand (nach EnEV)<\/li>\r\n<li>Einbau von&nbsp;Dachfenstern<\/li>\r\n<\/ul>\r\n<blockquote class=\"wp-block-quote\">\r\n<p><br>L\u00fcrken und Slomka Bedachungen GmbH<\/p>\r\n<p>Fronhoven 71<\/p>\r\n<p>52249 Eschweiler<br><br>Telefon : &nbsp; &nbsp;02403 &#8211; 50 64 00<\/p>\r\n<p>Telefax : &nbsp; &nbsp;02403 &#8211; 50 64 01<br><br>E-Mail &nbsp; : &nbsp;&nbsp;<a href=\"mailto:info@luerken-slomka.de\">&nbsp;info@luerken-slomka.de&nbsp;<\/a><\/p>\r\n<\/blockquote>\r\n\r\n\r\n\r\n<p>&nbsp;<\/p>\r\n<p style=\"text-align: center;\">Wir sind Mitglied im Zentralverband des Deutschen Dachdeckerhandwerks e. V. und der Dachdecker Innung f\u00fcr die St\u00e4dteregion Aachen.<\/p>\r\n<p><a href=\"https:\/\/www.dashandwerk.de\/aachen\/dachdecker-3\/\" target=\"_blank\" rel=\"https:\/\/www.dashandwerk.de\/aachen\/dachdecker-3\/ noopener\"><img data-recalc-dims=\"1\" loading=\"lazy\" decoding=\"async\" data-attachment-id=\"159\" data-permalink=\"https:\/\/www.luerken-slomka.de\/?attachment_id=159\" data-orig-file=\"https:\/\/i0.wp.com\/www.luerken-slomka.de\/wp-content\/uploads\/2019\/02\/dachdeckerinnung-logo-small.png?fit=200%2C158&amp;ssl=1\" data-orig-size=\"200,158\" data-comments-opened=\"1\" data-image-meta=\"{&quot;aperture&quot;:&quot;0&quot;,&quot;credit&quot;:&quot;&quot;,&quot;camera&quot;:&quot;&quot;,&quot;caption&quot;:&quot;&quot;,&quot;created_timestamp&quot;:&quot;0&quot;,&quot;copyright&quot;:&quot;&quot;,&quot;focal_length&quot;:&quot;0&quot;,&quot;iso&quot;:&quot;0&quot;,&quot;shutter_speed&quot;:&quot;0&quot;,&quot;title&quot;:&quot;&quot;,&quot;orientation&quot;:&quot;0&quot;}\" data-image-title=\"dachdeckerinnung-logo-small\" data-image-description=\"\" data-image-caption=\"\" data-medium-file=\"https:\/\/i0.wp.com\/www.luerken-slomka.de\/wp-content\/uploads\/2019\/02\/dachdeckerinnung-logo-small.png?fit=200%2C158&amp;ssl=1\" data-large-file=\"https:\/\/i0.wp.com\/www.luerken-slomka.de\/wp-content\/uploads\/2019\/02\/dachdeckerinnung-logo-small.png?fit=200%2C158&amp;ssl=1\" class=\"aligncenter wp-image-159\" src=\"https:\/\/i0.wp.com\/www.luerken-slomka.de\/wp-content\/uploads\/2019\/02\/dachdeckerinnung-logo-small.png?resize=151%2C119&#038;ssl=1\" alt=\"\" width=\"151\" height=\"119\"><\/a><\/p>\r\n","protected":false},"excerpt":{"rendered":"<p>Die L\u00fcrken Slomka Bedachungen GmbH bietet professionelle und individuelle Unterst\u00fctzung bei allen Dingen rund um Ihr Dach. Wir errichten, erweitern und reparieren [&hellip;]<\/p>\n","protected":false},"author":1,"featured_media":0,"parent":0,"menu_order":0,"comment_status":"closed","ping_status":"open","template":"","meta":{"ngg_post_thumbnail":0,"jetpack_post_was_ever_published":false,"footnotes":""},"class_list":["post-2","page","type-page","status-publish","hentry"],"jetpack_sharing_enabled":true,"jetpack_shortlink":"https:\/\/wp.me\/PaAkeO-2","jetpack-related-posts":[],"_links":{"self":[{"href":"https:\/\/www.luerken-slomka.de\/index.php?rest_route=\/wp\/v2\/pages\/2","targetHints":{"allow":["GET"]}}],"collection":[{"href":"https:\/\/www.luerken-slomka.de\/index.php?rest_route=\/wp\/v2\/pages"}],"about":[{"href":"https:\/\/www.luerken-slomka.de\/index.php?rest_route=\/wp\/v2\/types\/page"}],"author":[{"embeddable":true,"href":"https:\/\/www.luerken-slomka.de\/index.php?rest_route=\/wp\/v2\/users\/1"}],"replies":[{"embeddable":true,"href":"https:\/\/www.luerken-slomka.de\/index.php?rest_route=%2Fwp%2Fv2%2Fcomments&post=2"}],"version-history":[{"count":10,"href":"https:\/\/www.luerken-slomka.de\/index.php?rest_route=\/wp\/v2\/pages\/2\/revisions"}],"predecessor-version":[{"id":167,"href":"https:\/\/www.luerken-slomka.de\/index.php?rest_route=\/wp\/v2\/pages\/2\/revisions\/167"}],"wp:attachment":[{"href":"https:\/\/www.luerken-slomka.de\/index.php?rest_route=%2Fwp%2Fv2%2Fmedia&parent=2"}],"curies":[{"name":"wp","href":"https:\/\/api.w.org\/{rel}","templated":true}]}}